{"id":19,"date":"2024-01-21T20:05:34","date_gmt":"2024-01-21T19:05:34","guid":{"rendered":"http:\/\/vogellaw.de\/?page_id=19"},"modified":"2026-04-02T20:50:02","modified_gmt":"2026-04-02T18:50:02","slug":"aktuelles","status":"publish","type":"page","link":"https:\/\/vogellaw.de\/?page_id=19","title":{"rendered":"Aktuelles"},"content":{"rendered":"<p>[et_pb_section fb_built=&#8220;1&#8243; _builder_version=&#8220;4.24.0&#8243; _module_preset=&#8220;default&#8220; background_color=&#8220;#f2edde&#8220; custom_padding=&#8220;0px||0px||true|false&#8220; global_colors_info=&#8220;{}&#8220;][et_pb_row use_custom_gutter=&#8220;on&#8220; gutter_width=&#8220;2&#8243; make_equal=&#8220;on&#8220; custom_padding_last_edited=&#8220;off|desktop&#8220; module_class=&#8220;vertikal-zentrieren&#8220; _builder_version=&#8220;4.24.2&#8243; _module_preset=&#8220;default&#8220; background_enable_color=&#8220;off&#8220; use_background_color_gradient=&#8220;on&#8220; background_color_gradient_stops=&#8220;rgba(242,237,222,0.5) 0%|rgba(242,237,222,0.7) 100%&#8220; background_color_gradient_overlays_image=&#8220;on&#8220; background_image=&#8220;https:\/\/vogellaw.de\/wp-content\/uploads\/2024\/03\/pexels-katrin-bolovtsova-6077181-scaled.jpg&#8220; width=&#8220;95%&#8220; min_height=&#8220;30vh&#8220; custom_margin=&#8220;||0px||false|false&#8220; custom_padding=&#8220;||||false|true&#8220; custom_padding_tablet=&#8220;|5%||5%|false|true&#8220; custom_padding_phone=&#8220;|5%||5%|false|true&#8220; global_colors_info=&#8220;{}&#8220;][et_pb_column type=&#8220;4_4&#8243; _builder_version=&#8220;4.24.0&#8243; _module_preset=&#8220;default&#8220; global_colors_info=&#8220;{}&#8220;][\/et_pb_column][\/et_pb_row][et_pb_row use_custom_gutter=&#8220;on&#8220; gutter_width=&#8220;2&#8243; make_equal=&#8220;on&#8220; custom_padding_last_edited=&#8220;off|desktop&#8220; _builder_version=&#8220;4.27.6&#8243; _module_preset=&#8220;default&#8220; background_color=&#8220;#FFFFFF&#8220; width=&#8220;95%&#8220; custom_padding=&#8220;3%|3%|3%|3%|true|true&#8220; custom_padding_tablet=&#8220;|5%||5%|false|true&#8220; custom_padding_phone=&#8220;|5%||5%|false|true&#8220; hover_enabled=&#8220;0&#8243; global_colors_info=&#8220;{}&#8220; sticky_enabled=&#8220;0&#8243;][et_pb_column type=&#8220;4_4&#8243; _builder_version=&#8220;4.24.0&#8243; _module_preset=&#8220;default&#8220; global_colors_info=&#8220;{}&#8220;][et_pb_text _builder_version=&#8220;4.24.2&#8243; _module_preset=&#8220;default&#8220; header_font=&#8220;|700|||||||&#8220; header_text_align=&#8220;center&#8220; header_text_color=&#8220;#000000&#8243; header_font_size=&#8220;3.2em&#8220; header_font_size_tablet=&#8220;3em&#8220; header_font_size_phone=&#8220;2em&#8220; header_font_size_last_edited=&#8220;on|phone&#8220; global_colors_info=&#8220;{}&#8220;]<\/p>\n<h1>Aktuelles<\/h1>\n<p>[\/et_pb_text][et_pb_text _builder_version=&#8220;4.27.6&#8243; _module_preset=&#8220;default&#8220; text_text_color=&#8220;#2b2b2b&#8220; text_font_size=&#8220;17px&#8220; text_line_height=&#8220;1.6em&#8220; link_text_color=&#8220;#2B2B2B&#8220; background_color=&#8220;#f0f0f0&#8243; text_orientation=&#8220;center&#8220; custom_padding=&#8220;1%|1%|1%|1%|true|true&#8220; global_colors_info=&#8220;{}&#8220; link_text_color__hover_enabled=&#8220;on|hover&#8220; link_text_color__hover=&#8220;#a0a0a0&#8243;]<\/p>\n<p class=\"text-justify\"><a href=\"http:\/\/www.bundesgerichtshof.de\" target=\"_blank\" rel=\"noopener noreferrer\">www.bundesgerichtshof.de<\/a><br \/><span>Die Internetpr\u00e4senz des Bundesgerichtshofs<\/span><\/p>\n<p>[\/et_pb_text][et_pb_text _builder_version=&#8220;4.27.6&#8243; _module_preset=&#8220;default&#8220; text_text_color=&#8220;#2b2b2b&#8220; text_font_size=&#8220;17px&#8220; text_line_height=&#8220;1.6em&#8220; link_text_color=&#8220;#2B2B2B&#8220; background_color=&#8220;#f0f0f0&#8243; text_orientation=&#8220;center&#8220; custom_padding=&#8220;1%|1%|1%|1%|true|true&#8220; global_colors_info=&#8220;{}&#8220; link_text_color__hover_enabled=&#8220;on|hover&#8220; link_text_color__hover=&#8220;#a0a0a0&#8243;]<\/p>\n<p class=\"text-justify\"><a href=\"https:\/\/curia.europa.eu\/site\/\" target=\"_blank\" rel=\"noopener noreferrer\">https:\/\/curia.europa.eu\/site\/<\/a><br \/><span>aufgef\u00fchrt werden kurze Zusammenfassungen der Entscheidungen des EuGH<\/span><\/p>\n<p>[\/et_pb_text][et_pb_text _builder_version=&#8220;4.27.6&#8243; _module_preset=&#8220;default&#8220; text_text_color=&#8220;#2b2b2b&#8220; text_font_size=&#8220;17px&#8220; text_line_height=&#8220;1.6em&#8220; link_text_color=&#8220;#2B2B2B&#8220; background_color=&#8220;#f0f0f0&#8243; text_orientation=&#8220;center&#8220; custom_padding=&#8220;1%|1%|1%|1%|true|true&#8220; global_colors_info=&#8220;{}&#8220; link_text_color__hover_enabled=&#8220;on|hover&#8220; link_text_color__hover=&#8220;#a0a0a0&#8243;]<\/p>\n<p class=\"text-justify\"><span>Entscheidungen des Schweizerischen Bundesgerichts:<\/span><br \/><a href=\"https:\/\/www.bger.ch\/index\/juridiction\/jurisdiction-inherit-template\/jurisdiction-recht.htm\" target=\"_blank\" rel=\"noopener noreferrer\">https:\/\/www.bger.ch\/index\/juridiction\/jurisdiction-inherit-template\/jurisdiction-recht.htm<\/a><\/p>\n<p>[\/et_pb_text][et_pb_text _builder_version=&#8220;4.27.6&#8243; _module_preset=&#8220;default&#8220; text_text_color=&#8220;#2b2b2b&#8220; text_font_size=&#8220;17px&#8220; text_line_height=&#8220;1.6em&#8220; link_text_color=&#8220;#2B2B2B&#8220; background_color=&#8220;#f0f0f0&#8243; text_orientation=&#8220;center&#8220; custom_padding=&#8220;1%|1%|1%|1%|true|true&#8220; global_colors_info=&#8220;{}&#8220; link_text_color__hover_enabled=&#8220;on|hover&#8220; link_text_color__hover=&#8220;#a0a0a0&#8243;]<\/p>\n<p class=\"text-justify\"><a href=\"http:\/\/www.supremecourtus.gov\" target=\"_blank\" rel=\"noopener noreferrer\">www.supremecourtus.gov<\/a><br \/><span>Entscheidungen des Supreme Courts der USA<\/span><\/p>\n<p>[\/et_pb_text][et_pb_text _builder_version=&#8220;4.27.6&#8243; _module_preset=&#8220;default&#8220; text_text_color=&#8220;#2b2b2b&#8220; text_font_size=&#8220;17px&#8220; text_line_height=&#8220;1.6em&#8220; link_text_color=&#8220;#2B2B2B&#8220; background_color=&#8220;#f0f0f0&#8243; text_orientation=&#8220;center&#8220; custom_padding=&#8220;1%|1%|1%|1%|true|true&#8220; global_colors_info=&#8220;{}&#8220; link_text_color__hover_enabled=&#8220;on|hover&#8220; link_text_color__hover=&#8220;#a0a0a0&#8243;]<\/p>\n<p class=\"text-justify\"><span>offizielles Gesetzesblatt der Republik Tschechien:<\/span><br \/><a href=\"http:\/\/www.sbirka.cz\" target=\"_blank\" rel=\"noopener noreferrer\">www.sbirka.cz<\/a><\/p>\n<p>[\/et_pb_text][et_pb_text _builder_version=&#8220;4.27.6&#8243; _module_preset=&#8220;default&#8220; text_text_color=&#8220;#2b2b2b&#8220; text_font_size=&#8220;17px&#8220; text_line_height=&#8220;1.6em&#8220; link_text_color=&#8220;#2B2B2B&#8220; background_color=&#8220;#f0f0f0&#8243; text_orientation=&#8220;center&#8220; custom_padding=&#8220;1%|1%|1%|1%|true|true&#8220; global_colors_info=&#8220;{}&#8220; link_text_color__hover_enabled=&#8220;on|hover&#8220; link_text_color__hover=&#8220;#a0a0a0&#8243;]<\/p>\n<p class=\"text-justify\"><a href=\"http:\/\/www.bundesfinanzhof.de\" target=\"_blank\" rel=\"noopener noreferrer\">www.bundesfinanzhof.de<\/a><br \/><span>Die Internetpr\u00e4senz des Bundesfinanzhofs in M\u00fcnchen<\/span><\/p>\n<p>[\/et_pb_text][et_pb_text _builder_version=&#8220;4.27.6&#8243; _module_preset=&#8220;default&#8220; text_text_color=&#8220;#2b2b2b&#8220; text_font_size=&#8220;17px&#8220; text_line_height=&#8220;1.6em&#8220; link_text_color=&#8220;#2B2B2B&#8220; background_color=&#8220;#f0f0f0&#8243; text_orientation=&#8220;center&#8220; custom_padding=&#8220;1%|1%|1%|1%|true|true&#8220; hover_enabled=&#8220;0&#8243; global_colors_info=&#8220;{}&#8220; link_text_color__hover_enabled=&#8220;on|hover&#8220; link_text_color__hover=&#8220;#a0a0a0&#8243; sticky_enabled=&#8220;0&#8243;]<\/p>\n<p class=\"text-justify\"><a href=\"http:\/\/www.curia.europa.eu\" target=\"_blank\" rel=\"noopener noreferrer\">www.curia.europa.eu<\/a><br \/><span>Die Internetpr\u00e4senz des EUGH in Luxemburg<\/span><\/p>\n<p>[\/et_pb_text][et_pb_text _builder_version=&#8220;4.27.6&#8243; _module_preset=&#8220;default&#8220; text_text_color=&#8220;#2b2b2b&#8220; text_font_size=&#8220;17px&#8220; text_line_height=&#8220;1.6em&#8220; link_text_color=&#8220;#2B2B2B&#8220; background_color=&#8220;#f0f0f0&#8243; text_orientation=&#8220;center&#8220; custom_padding=&#8220;1%|1%|1%|1%|true|true&#8220; hover_enabled=&#8220;0&#8243; global_colors_info=&#8220;{}&#8220; link_text_color__hover_enabled=&#8220;on|hover&#8220; link_text_color__hover=&#8220;#a0a0a0&#8243; sticky_enabled=&#8220;0&#8243;]<\/p>\n<p class=\"text-justify\"><a href=\"http:\/\/www.icj-cij.org\" target=\"_blank\" rel=\"noopener noreferrer\">www.icj-cij.org<\/a><br \/><span>Die Internetpr\u00e4senz des Internationalen Gerichtshofs in Den Haag<\/span><\/p>\n<p>[\/et_pb_text][et_pb_text _builder_version=&#8220;4.27.6&#8243; _module_preset=&#8220;default&#8220; text_text_color=&#8220;#2b2b2b&#8220; text_font_size=&#8220;17px&#8220; text_line_height=&#8220;1.6em&#8220; link_text_color=&#8220;#2B2B2B&#8220; background_color=&#8220;#f0f0f0&#8243; text_orientation=&#8220;center&#8220; custom_padding=&#8220;1%|1%|1%|1%|true|true&#8220; hover_enabled=&#8220;0&#8243; global_colors_info=&#8220;{}&#8220; link_text_color__hover_enabled=&#8220;on|hover&#8220; link_text_color__hover=&#8220;#a0a0a0&#8243; sticky_enabled=&#8220;0&#8243;]<\/p>\n<p class=\"text-justify\"><a href=\"http:\/\/www.legimonaco.mc\" target=\"_blank\" rel=\"noopener noreferrer\">www.legimonaco.mc<\/a><br \/><span>Gerichte in Monaco<\/span><\/p>\n<p>[\/et_pb_text][et_pb_text _builder_version=&#8220;4.27.6&#8243; _module_preset=&#8220;default&#8220; text_text_color=&#8220;#2b2b2b&#8220; text_font_size=&#8220;17px&#8220; text_line_height=&#8220;1.6em&#8220; link_text_color=&#8220;#2B2B2B&#8220; background_color=&#8220;#f0f0f0&#8243; text_orientation=&#8220;center&#8220; custom_padding=&#8220;1%|1%|1%|1%|true|true&#8220; hover_enabled=&#8220;0&#8243; global_colors_info=&#8220;{}&#8220; link_text_color__hover_enabled=&#8220;on|hover&#8220; link_text_color__hover=&#8220;#a0a0a0&#8243; sticky_enabled=&#8220;0&#8243;]<\/p>\n<p class=\"text-justify\"><a href=\"http:\/\/www.auswaertiges-amt.de\" target=\"_blank\" rel=\"noopener noreferrer\">www.auswaertiges-amt.de<\/a><br \/><span>Ausw\u00e4rtiges Amt<\/span><\/p>\n<p>[\/et_pb_text][et_pb_text _builder_version=&#8220;4.27.6&#8243; _module_preset=&#8220;default&#8220; text_text_color=&#8220;#2b2b2b&#8220; text_font_size=&#8220;17px&#8220; text_line_height=&#8220;1.6em&#8220; link_text_color=&#8220;#2B2B2B&#8220; background_color=&#8220;#f0f0f0&#8243; text_orientation=&#8220;center&#8220; custom_padding=&#8220;1%|1%|1%|1%|true|true&#8220; hover_enabled=&#8220;0&#8243; global_colors_info=&#8220;{}&#8220; link_text_color__hover_enabled=&#8220;on|hover&#8220; link_text_color__hover=&#8220;#a0a0a0&#8243; sticky_enabled=&#8220;0&#8243;]<\/p>\n<p class=\"text-justify\"><a href=\"http:\/\/www.handelskammer.se\" target=\"_blank\" rel=\"noopener noreferrer\">www.handelskammer.se<\/a><br \/><span>Deutsch-Schwedische Handelskammer<\/span><\/p>\n<p>[\/et_pb_text][et_pb_text _builder_version=&#8220;4.27.6&#8243; _module_preset=&#8220;default&#8220; text_text_color=&#8220;#2b2b2b&#8220; text_font_size=&#8220;17px&#8220; text_line_height=&#8220;1.6em&#8220; link_text_color=&#8220;#2B2B2B&#8220; background_color=&#8220;#f0f0f0&#8243; text_orientation=&#8220;center&#8220; custom_padding=&#8220;1%|1%|1%|1%|true|true&#8220; hover_enabled=&#8220;0&#8243; global_colors_info=&#8220;{}&#8220; link_text_color__hover_enabled=&#8220;on|hover&#8220; link_text_color__hover=&#8220;#a0a0a0&#8243; sticky_enabled=&#8220;0&#8243;]<\/p>\n<p class=\"text-justify\"><a href=\"http:\/\/www.tullverket.se\" target=\"_blank\" rel=\"noopener noreferrer\">www.tullverket.se<\/a><br \/><span>Schwedisches Recht<\/span><\/p>\n<p>[\/et_pb_text][et_pb_text _builder_version=&#8220;4.27.6&#8243; _module_preset=&#8220;default&#8220; text_text_color=&#8220;#2b2b2b&#8220; text_font_size=&#8220;17px&#8220; text_line_height=&#8220;1.6em&#8220; link_text_color=&#8220;#2B2B2B&#8220; background_color=&#8220;#f0f0f0&#8243; text_orientation=&#8220;center&#8220; custom_padding=&#8220;1%|1%|1%|1%|true|true&#8220; hover_enabled=&#8220;0&#8243; global_colors_info=&#8220;{}&#8220; link_text_color__hover_enabled=&#8220;on|hover&#8220; link_text_color__hover=&#8220;#a0a0a0&#8243; sticky_enabled=&#8220;0&#8243;]<\/p>\n<p class=\"text-justify\"><a href=\"http:\/\/www.domstol.dk\" target=\"_blank\" rel=\"noopener noreferrer\">www.domstol.dk<\/a><br \/><span>D\u00e4nische Gerichte<\/span><\/p>\n<p>[\/et_pb_text][et_pb_text _builder_version=&#8220;4.27.6&#8243; _module_preset=&#8220;default&#8220; text_text_color=&#8220;#2b2b2b&#8220; text_font_size=&#8220;17px&#8220; text_line_height=&#8220;1.6em&#8220; link_text_color=&#8220;#2B2B2B&#8220; background_color=&#8220;#f0f0f0&#8243; text_orientation=&#8220;center&#8220; custom_padding=&#8220;1%|1%|1%|1%|true|true&#8220; hover_enabled=&#8220;0&#8243; global_colors_info=&#8220;{}&#8220; link_text_color__hover_enabled=&#8220;on|hover&#8220; link_text_color__hover=&#8220;#a0a0a0&#8243; sticky_enabled=&#8220;0&#8243;]<\/p>\n<p class=\"text-justify\"><a href=\"http:\/\/www.eur-lex.europa.eu\/n-lex\" target=\"_blank\" rel=\"noopener noreferrer\">www.eur-lex.europa.eu\/n-lex<\/a><br \/><span>Europ\u00e4isches Zugangsportal zu den offiziellen Rechtsdatenbanken der EU-Mitgliedsstaaten (Verlinkung mit EuroVoc)<\/span><\/p>\n<p>[\/et_pb_text][et_pb_text _builder_version=&#8220;4.27.6&#8243; _module_preset=&#8220;default&#8220; text_text_color=&#8220;#2b2b2b&#8220; text_font_size=&#8220;17px&#8220; text_line_height=&#8220;1.6em&#8220; link_text_color=&#8220;#2B2B2B&#8220; background_color=&#8220;#f0f0f0&#8243; text_orientation=&#8220;center&#8220; custom_padding=&#8220;1%|1%|1%|1%|true|true&#8220; hover_enabled=&#8220;0&#8243; global_colors_info=&#8220;{}&#8220; link_text_color__hover_enabled=&#8220;on|hover&#8220; link_text_color__hover=&#8220;#a0a0a0&#8243; sticky_enabled=&#8220;0&#8243;]<\/p>\n<p class=\"text-justify\"><a href=\"http:\/\/www.retsinformation.dk\" target=\"_blank\" rel=\"noopener noreferrer\">www.retsinformation.dk<\/a><br \/><span>Gesetze und Verordnungen des d\u00e4nischen Parlaments (Folketing)<\/span><\/p>\n<p>[\/et_pb_text][et_pb_text _builder_version=&#8220;4.27.6&#8243; _module_preset=&#8220;default&#8220; text_text_color=&#8220;#2b2b2b&#8220; text_font_size=&#8220;17px&#8220; text_line_height=&#8220;1.6em&#8220; link_text_color=&#8220;#2B2B2B&#8220; background_color=&#8220;#f0f0f0&#8243; text_orientation=&#8220;center&#8220; custom_padding=&#8220;1%|1%|1%|1%|true|true&#8220; hover_enabled=&#8220;0&#8243; global_colors_info=&#8220;{}&#8220; link_text_color__hover_enabled=&#8220;on|hover&#8220; link_text_color__hover=&#8220;#a0a0a0&#8243; sticky_enabled=&#8220;0&#8243;]<\/p>\n<p class=\"text-justify\"><a href=\"http:\/\/www.legislation.gov.uk\" target=\"_blank\" rel=\"noopener noreferrer\">www.legislation.gov.uk<\/a><br \/><span>Rechtsportal zu den Gesetzen Gro\u00dfbritanniens, Schottlands, Wales und Nordirlands<\/span><\/p>\n<p>[\/et_pb_text][et_pb_text _builder_version=&#8220;4.27.6&#8243; _module_preset=&#8220;default&#8220; text_text_color=&#8220;#2b2b2b&#8220; text_font_size=&#8220;17px&#8220; text_line_height=&#8220;1.6em&#8220; link_text_color=&#8220;#2B2B2B&#8220; background_color=&#8220;#f0f0f0&#8243; text_orientation=&#8220;center&#8220; custom_padding=&#8220;1%|1%|1%|1%|true|true&#8220; hover_enabled=&#8220;0&#8243; global_colors_info=&#8220;{}&#8220; link_text_color__hover_enabled=&#8220;on|hover&#8220; link_text_color__hover=&#8220;#a0a0a0&#8243; sticky_enabled=&#8220;0&#8243;]<\/p>\n<p class=\"text-justify\"><a href=\"http:\/\/www.finlex.fi\/en\" target=\"_blank\" rel=\"noopener noreferrer\">www.finlex.fi\/en<\/a><br \/><span>Portal zum finnischen Recht<\/span><\/p>\n<p>[\/et_pb_text][et_pb_text _builder_version=&#8220;4.27.6&#8243; _module_preset=&#8220;default&#8220; text_text_color=&#8220;#2b2b2b&#8220; text_font_size=&#8220;17px&#8220; text_line_height=&#8220;1.6em&#8220; link_text_color=&#8220;#2B2B2B&#8220; background_color=&#8220;#f0f0f0&#8243; text_orientation=&#8220;center&#8220; custom_padding=&#8220;1%|1%|1%|1%|true|true&#8220; hover_enabled=&#8220;0&#8243; global_colors_info=&#8220;{}&#8220; link_text_color__hover_enabled=&#8220;on|hover&#8220; link_text_color__hover=&#8220;#a0a0a0&#8243; sticky_enabled=&#8220;0&#8243;]<\/p>\n<p class=\"text-justify\"><a href=\"http:\/\/www.legifrance.gouv.fr\" target=\"_blank\" rel=\"noopener noreferrer\">www.legifrance.gouv.fr<\/a><br \/>\nFranz\u00f6sisches Rechtsportal[\/et_pb_text][et_pb_text _builder_version=&#8220;4.27.6&#8243; _module_preset=&#8220;default&#8220; text_text_color=&#8220;#2b2b2b&#8220; text_font_size=&#8220;17px&#8220; text_line_height=&#8220;1.6em&#8220; link_text_color=&#8220;#2B2B2B&#8220; background_color=&#8220;#f0f0f0&#8243; text_orientation=&#8220;center&#8220; custom_padding=&#8220;1%|1%|1%|1%|true|true&#8220; hover_enabled=&#8220;0&#8243; global_colors_info=&#8220;{}&#8220; link_text_color__hover_enabled=&#8220;on|hover&#8220; link_text_color__hover=&#8220;#a0a0a0&#8243; sticky_enabled=&#8220;0&#8243;]<\/p>\n<p class=\"text-justify\"><a href=\"http:\/\/www.lovdata.no\" target=\"_blank\" rel=\"noopener noreferrer\">www.lovdata.no<\/a><br \/><span>Norwegisches Rechtsportal<\/span><\/p>\n<p>[\/et_pb_text][et_pb_text _builder_version=&#8220;4.27.6&#8243; _module_preset=&#8220;default&#8220; text_text_color=&#8220;#2b2b2b&#8220; text_font_size=&#8220;17px&#8220; text_line_height=&#8220;1.6em&#8220; link_text_color=&#8220;#2B2B2B&#8220; background_color=&#8220;#f0f0f0&#8243; text_orientation=&#8220;center&#8220; custom_padding=&#8220;1%|1%|1%|1%|true|true&#8220; hover_enabled=&#8220;0&#8243; global_colors_info=&#8220;{}&#8220; link_text_color__hover_enabled=&#8220;on|hover&#8220; link_text_color__hover=&#8220;#a0a0a0&#8243; sticky_enabled=&#8220;0&#8243;]<\/p>\n<p class=\"text-justify\"><a href=\"http:\/\/www.ris.bka.gv.at\" target=\"_blank\" rel=\"noopener noreferrer\">www.ris.bka.gv.at<\/a><br \/><span>Normen \u00f6sterreichischen Bundesrechts nebst Zugang zum Landesrecht und Auswahl diverser gemeindlicher Rechtsvorschriften<\/span><\/p>\n<p>[\/et_pb_text][et_pb_text _builder_version=&#8220;4.27.6&#8243; _module_preset=&#8220;default&#8220; text_text_color=&#8220;#2b2b2b&#8220; text_font_size=&#8220;17px&#8220; text_line_height=&#8220;1.6em&#8220; link_text_color=&#8220;#2B2B2B&#8220; background_color=&#8220;#f0f0f0&#8243; text_orientation=&#8220;center&#8220; custom_padding=&#8220;1%|1%|1%|1%|true|true&#8220; hover_enabled=&#8220;0&#8243; global_colors_info=&#8220;{}&#8220; link_text_color__hover_enabled=&#8220;on|hover&#8220; link_text_color__hover=&#8220;#a0a0a0&#8243; sticky_enabled=&#8220;0&#8243;]<\/p>\n<p class=\"text-justify\"><a href=\"http:\/\/www.lagrummet.se\/english\" target=\"_blank\" rel=\"noopener noreferrer\">www.lagrummet.se\/english<\/a><br \/><span>Schwedische Gesetze und Verwaltungsvorschriften nebst Zugang zum schwedischen Gesetzblatt (Svensk f\u00f6rfattningssammling, SFS)<\/span><\/p>\n<p>[\/et_pb_text][et_pb_text _builder_version=&#8220;4.27.6&#8243; _module_preset=&#8220;default&#8220; text_text_color=&#8220;#2b2b2b&#8220; text_font_size=&#8220;17px&#8220; text_line_height=&#8220;1.6em&#8220; link_text_color=&#8220;#2B2B2B&#8220; background_color=&#8220;#f0f0f0&#8243; text_orientation=&#8220;center&#8220; custom_padding=&#8220;1%|1%|1%|1%|true|true&#8220; hover_enabled=&#8220;0&#8243; global_colors_info=&#8220;{}&#8220; link_text_color__hover_enabled=&#8220;on|hover&#8220; link_text_color__hover=&#8220;#a0a0a0&#8243; sticky_enabled=&#8220;0&#8243;]<\/p>\n<p class=\"text-justify\"><a href=\"http:\/\/www.admin.ch\" target=\"_blank\" rel=\"noopener noreferrer\">www.admin.ch<\/a><br \/><span>Im Unterbereich &#8222;Dokumentation&#8220; gegliederte Amtliche Sammlung schweizerischer Gesetze<\/span><\/p>\n<p>[\/et_pb_text][\/et_pb_column][\/et_pb_row][\/et_pb_section]<\/p>\n","protected":false},"excerpt":{"rendered":"<p>Aktuelleswww.bundesgerichtshof.deDie Internetpr\u00e4senz des Bundesgerichtshofshttps:\/\/curia.europa.eu\/site\/aufgef\u00fchrt werden kurze Zusammenfassungen der Entscheidungen des EuGHEntscheidungen des Schweizerischen Bundesgerichts:https:\/\/www.bger.ch\/index\/juridiction\/jurisdiction-inherit-template\/jurisdiction-recht.htmwww.supremecourtus.govEntscheidungen des Supreme Courts der USAoffizielles Gesetzesblatt der Republik Tschechien:www.sbirka.czwww.bundesfinanzhof.deDie Internetpr\u00e4senz des Bundesfinanzhofs in M\u00fcnchenwww.curia.europa.euDie Internetpr\u00e4senz des EUGH in Luxemburgwww.icj-cij.orgDie Internetpr\u00e4senz des Internationalen Gerichtshofs in Den Haagwww.legimonaco.mcGerichte in Monacowww.auswaertiges-amt.deAusw\u00e4rtiges Amtwww.handelskammer.seDeutsch-Schwedische Handelskammerwww.tullverket.seSchwedisches Rechtwww.domstol.dkD\u00e4nische Gerichtewww.eur-lex.europa.eu\/n-lexEurop\u00e4isches Zugangsportal zu den offiziellen Rechtsdatenbanken der EU-Mitgliedsstaaten (Verlinkung mit [&hellip;]<\/p>\n","protected":false},"author":1,"featured_media":0,"parent":0,"menu_order":0,"comment_status":"closed","ping_status":"closed","template":"","meta":{"_et_pb_use_builder":"on","_et_pb_old_content":"<!-- wp:divi\/placeholder \/-->","_et_gb_content_width":"","footnotes":""},"class_list":["post-19","page","type-page","status-publish","hentry"],"_links":{"self":[{"href":"https:\/\/vogellaw.de\/index.php?rest_route=\/wp\/v2\/pages\/19","targetHints":{"allow":["GET"]}}],"collection":[{"href":"https:\/\/vogellaw.de\/index.php?rest_route=\/wp\/v2\/pages"}],"about":[{"href":"https:\/\/vogellaw.de\/index.php?rest_route=\/wp\/v2\/types\/page"}],"author":[{"embeddable":true,"href":"https:\/\/vogellaw.de\/index.php?rest_route=\/wp\/v2\/users\/1"}],"replies":[{"embeddable":true,"href":"https:\/\/vogellaw.de\/index.php?rest_route=%2Fwp%2Fv2%2Fcomments&post=19"}],"version-history":[{"count":21,"href":"https:\/\/vogellaw.de\/index.php?rest_route=\/wp\/v2\/pages\/19\/revisions"}],"predecessor-version":[{"id":1402,"href":"https:\/\/vogellaw.de\/index.php?rest_route=\/wp\/v2\/pages\/19\/revisions\/1402"}],"wp:attachment":[{"href":"https:\/\/vogellaw.de\/index.php?rest_route=%2Fwp%2Fv2%2Fmedia&parent=19"}],"curies":[{"name":"wp","href":"https:\/\/api.w.org\/{rel}","templated":true}]}}